{"id":3607,"date":"2026-02-27T09:43:35","date_gmt":"2026-02-27T08:43:35","guid":{"rendered":"https:\/\/www.blindenzentrum.bz.it\/?post_type=mec-events&#038;p=3607"},"modified":"2026-03-27T09:53:56","modified_gmt":"2026-03-27T08:53:56","slug":"tage-der-inneren-staerkung-der-kamillianischen-familie-im-blindenzentrum","status":"publish","type":"mec-events","link":"https:\/\/www.blindenzentrum.bz.it\/it\/events\/tage-der-inneren-staerkung-der-kamillianischen-familie-im-blindenzentrum\/","title":{"rendered":"Tage der inneren St\u00e4rkung der Kamillianischen Familie im Blindenzentrum"},"content":{"rendered":"<p>Das Blindenapostolat S\u00fcdtirol l\u00e4dt recht herzlich zu den <strong>Tagen der inneren St\u00e4rkung<\/strong> der Kamillianischen Familie ein. Diese finden <strong>vom Donnerstag, den 7. Mai mit Beginn um 16:00 Uhr bis Samstag 9. Mai 2026 (mittags) im Blindenzentrum St. Raphael<\/strong> statt<strong>.<\/strong><\/p>\n<p>Das Thema ist:<strong> \u00a0 Begegnung \u2013 Achtsamkeit\u2013 Neuausrichtung \u2013 \u201e Hab Mut, du bist nicht allein\u201c\u00a0<\/strong><\/p>\n<p><strong>Mit P. Alfred Gy\u00f6rgy<\/strong> e<strong> spirituelle Begleitung\u00a0 Kathrin Unger<\/strong><\/p>\n<p>Neben inspirierenden Impulsen und thematischen Einheiten wird auch das gemeinsame Miteinander eine wichtige Rolle spielen. Wer ein Instrument beherrscht, ist herzlich dazu eingeladen, dieses mitzubringen. Auch eure Freunde und Bekannten sind herzlich eingeladen.<\/p>\n<p>Wir ersuchen alle Interessierten um fr\u00fchzeitige Anmeldung.<\/p>\n<p>Die Kosten f\u00fcr das Seminar inklusive Doppelzimmer mit Vollpension betragen 75,00 \u20ac pro Person und Tag.<\/p>\n<p>Anmeldung mittels E-Mail <a href=\"mailto:apostolat@blindenzentrum.bz.it\">apostolat@blindenzentrum.bz.it<\/a> oder Telefon 0471 442389.<\/p>\n<p>All jene, die nur an einem Tag dabei sein m\u00f6chten, bitten wir ebenfalls, sich anzumelden. In diesem Fall bitten wir um einen Kostenbeitrag f\u00fcr Essen und Organisation.<\/p>\n<p>Bei Fragen k\u00f6nnt ihr euch gerne an das B\u00fcro des Blindenapostolates wenden.<\/p>\n<p>Bitte sagt es auch anderen Interessierten gerne weiter. Danke<\/p>\n<p>Wir freuen uns auf eine zahlreiche Teilnahme und auf das gemeinsame Wochenende.<\/p>","protected":false},"excerpt":{"rendered":"<p>Das Blindenapostolat S\u00fcdtirol l\u00e4dt recht herzlich zu den Tagen der inneren St\u00e4rkung der Kamillianischen Familie ein. Diese finden vom Donnerstag, den 7. Mai mit Beginn um 16:00 Uhr bis Samstag 9. Mai 2026 (mittags) im Blindenzentrum St. Raphael statt. Das Thema ist: \u00a0 Begegnung \u2013 Achtsamkeit\u2013 Neuausrichtung \u2013 \u201e Hab Mut, du bist nicht allein\u201c\u00a0 [&hellip;]<\/p>\n","protected":false},"author":4,"featured_media":4437,"comment_status":"closed","ping_status":"closed","template":"","tags":[],"mec_category":[24],"class_list":["post-3607","mec-events","type-mec-events","status-publish","has-post-thumbnail","hentry","mec_category-blindenapostolat"],"_links":{"self":[{"href":"https:\/\/www.blindenzentrum.bz.it\/it\/wp-json\/wp\/v2\/mec-events\/3607","targetHints":{"allow":["GET"]}}],"collection":[{"href":"https:\/\/www.blindenzentrum.bz.it\/it\/wp-json\/wp\/v2\/mec-events"}],"about":[{"href":"https:\/\/www.blindenzentrum.bz.it\/it\/wp-json\/wp\/v2\/types\/mec-events"}],"author":[{"embeddable":true,"href":"https:\/\/www.blindenzentrum.bz.it\/it\/wp-json\/wp\/v2\/users\/4"}],"replies":[{"embeddable":true,"href":"https:\/\/www.blindenzentrum.bz.it\/it\/wp-json\/wp\/v2\/comments?post=3607"}],"version-history":[{"count":2,"href":"https:\/\/www.blindenzentrum.bz.it\/it\/wp-json\/wp\/v2\/mec-events\/3607\/revisions"}],"predecessor-version":[{"id":4436,"href":"https:\/\/www.blindenzentrum.bz.it\/it\/wp-json\/wp\/v2\/mec-events\/3607\/revisions\/4436"}],"wp:featuredmedia":[{"embeddable":true,"href":"https:\/\/www.blindenzentrum.bz.it\/it\/wp-json\/wp\/v2\/media\/4437"}],"wp:attachment":[{"href":"https:\/\/www.blindenzentrum.bz.it\/it\/wp-json\/wp\/v2\/media?parent=3607"}],"wp:term":[{"taxonomy":"post_tag","embeddable":true,"href":"https:\/\/www.blindenzentrum.bz.it\/it\/wp-json\/wp\/v2\/tags?post=3607"},{"taxonomy":"mec_category","embeddable":true,"href":"https:\/\/www.blindenzentrum.bz.it\/it\/wp-json\/wp\/v2\/mec_category?post=3607"}],"curies":[{"name":"wp","href":"https:\/\/api.w.org\/{rel}","templated":true}]}}

Tage der inneren Stärkung der Kamillianischen Familie im Blindenzentrum

<p>Das Blindenapostolat Südtirol lädt recht herzlich zu den <strong>Tagen der inneren Stärkung</strong> der Kamillianischen Familie ein. Diese finden <strong>vom Donnerstag, den 7. Mai mit Beginn um 16:00 Uhr bis Samstag 9. Mai 2026 (mittags) im Blindenzentrum St. Raphael</strong> statt<strong>.</strong></p>
<p>Das Thema ist:<strong>   Begegnung – Achtsamkeit– Neuausrichtung – „ Hab Mut, du bist nicht allein“ </strong></p>
<p><strong>Mit P. Alfred György</strong> e<strong> spirituelle Begleitung  Kathrin Unger</strong></p>
<p>Neben inspirierenden Impulsen und thematischen Einheiten wird auch das gemeinsame Miteinander eine wichtige Rolle spielen. Wer ein Instrument beherrscht, ist herzlich dazu eingeladen, dieses mitzubringen. Auch eure Freunde und Bekannten sind herzlich eingeladen.</p>
<p>Wir ersuchen alle Interessierten um frühzeitige Anmeldung.</p>
<p>Die Kosten für das Seminar inklusive Doppelzimmer mit Vollpension betragen 75,00 € pro Person und Tag.</p>
<p>Anmeldung mittels E-Mail <a href="mailto:apostolat@blindenzentrum.bz.it">apostolat@blindenzentrum.bz.it</a> oder Telefon 0471 442389.</p>
<p>All jene, die nur an einem Tag dabei sein möchten, bitten wir ebenfalls, sich anzumelden. In diesem Fall bitten wir um einen Kostenbeitrag für Essen und Organisation.</p>
<p>Bei Fragen könnt ihr euch gerne an das Büro des Blindenapostolates wenden.</p>
<p>Bitte sagt es auch anderen Interessierten gerne weiter. Danke</p>
<p>Wir freuen uns auf eine zahlreiche Teilnahme und auf das gemeinsame Wochenende.</p>

<p>Das Blindenapostolat Südtirol lädt recht herzlich zu den Tagen der inneren Stärkung der Kamillianischen Familie ein. Diese finden vom Donnerstag, den 7. Mai mit Beginn um 16:00 Uhr bis Samstag 9. Mai 2026 (mittags) im Blindenzentrum St. Raphael statt. Das Thema ist:   Begegnung – Achtsamkeit– Neuausrichtung – „ Hab Mut, du bist nicht allein“  [&hellip;]</p>
