{"id":3614,"date":"2026-02-27T09:47:35","date_gmt":"2026-02-27T08:47:35","guid":{"rendered":"https:\/\/www.blindenzentrum.bz.it\/?post_type=mec-events&#038;p=3614"},"modified":"2026-04-30T12:50:43","modified_gmt":"2026-04-30T10:50:43","slug":"incontro-mensile-martedi-19-05-2026-gita-con-partenza-alle-ore-1350-dal-centro-ciechi","status":"publish","type":"mec-events","link":"https:\/\/www.blindenzentrum.bz.it\/it\/events\/incontro-mensile-martedi-19-05-2026-gita-con-partenza-alle-ore-1350-dal-centro-ciechi\/","title":{"rendered":"Incontro mensile Marted\u00ec, 19.05.2026 &#8211; gita con partenza alle ore 13:50 dal Centro Ciechi"},"content":{"rendered":"<p>Il Blindenapostolat S\u00fcdtirol vi invita con piacere al prossimo e ultimo incontro mensile per questa stagione che avr\u00e0 luogo <strong>Marted\u00ec, 19 Maggio 2026<\/strong>.<\/p>\n<p>Tale incontro sar\u00e0 dedicato ad una <strong>gita con visita del Museo dell&#8217;apicoltura Maso Plattner a Costalovara\/Renon<\/strong>. Con suoi 600 anni di storia, il Maso Plattner \u00e8 uno dei pi\u00f9 antichi del Renon e ospita un appassionante museo dedicato alla vita dei contadini di un tempo. Nel fienile dell\u2019edificio, viene svelata ogni sorta di curiosit\u00e0 sulle api e sulla smielatura.<\/p>\n<p><strong>La partenza \u00e8 prevista per le ore 13:50 dal Centro Ciechi St. Raphael<\/strong>. Alle ore 15:00 avremo una visita guidata in lingua italiana del museo della durata di un\u2019oretta, dopodich\u00e9 potremo passare ancora del tempo al Lago di Costalovara. Si prevede che torneremo a Bolzano verso le ore 18.00.<\/p>\n<p>Il costo della visita al Museo \u00e8 di Euro 6,00 per i partecipanti con minorazione visiva, per le guide l\u2019ingresso \u00e8 gratuito. Le spese di trasporto saranno calcolate in base al numero dei partecipanti e incassate in loco insieme al prezzo del biglietto d&#8217;ingresso.<\/p>\n<p><strong>Termine di iscrizione mercoled\u00ec 13.05.2026<\/strong> all\u2019indirizzo email<\/p>\n<p><a href=\"mailto:apostolat@blindenzentrum.bz.it\">apostolat@blindenzentrum.bz.it<\/a><\/p>\n<p>o tel. 0471 442 389<\/p>\n<p>In attesa delle vostre adesioni salutiamo cordialmente.<\/p>","protected":false},"excerpt":{"rendered":"<p>Il Blindenapostolat S\u00fcdtirol vi invita con piacere al prossimo e ultimo incontro mensile per questa stagione che avr\u00e0 luogo Marted\u00ec, 19 Maggio 2026. Tale incontro sar\u00e0 dedicato ad una gita con visita del Museo dell&#8217;apicoltura Maso Plattner a Costalovara\/Renon. Con suoi 600 anni di storia, il Maso Plattner \u00e8 uno dei pi\u00f9 antichi del Renon [&hellip;]<\/p>\n","protected":false},"author":4,"featured_media":4875,"comment_status":"closed","ping_status":"closed","template":"","tags":[],"mec_category":[24],"class_list":["post-3614","mec-events","type-mec-events","status-publish","has-post-thumbnail","hentry","mec_category-blindenapostolat"],"_links":{"self":[{"href":"https:\/\/www.blindenzentrum.bz.it\/it\/wp-json\/wp\/v2\/mec-events\/3614","targetHints":{"allow":["GET"]}}],"collection":[{"href":"https:\/\/www.blindenzentrum.bz.it\/it\/wp-json\/wp\/v2\/mec-events"}],"about":[{"href":"https:\/\/www.blindenzentrum.bz.it\/it\/wp-json\/wp\/v2\/types\/mec-events"}],"author":[{"embeddable":true,"href":"https:\/\/www.blindenzentrum.bz.it\/it\/wp-json\/wp\/v2\/users\/4"}],"replies":[{"embeddable":true,"href":"https:\/\/www.blindenzentrum.bz.it\/it\/wp-json\/wp\/v2\/comments?post=3614"}],"version-history":[{"count":2,"href":"https:\/\/www.blindenzentrum.bz.it\/it\/wp-json\/wp\/v2\/mec-events\/3614\/revisions"}],"predecessor-version":[{"id":4874,"href":"https:\/\/www.blindenzentrum.bz.it\/it\/wp-json\/wp\/v2\/mec-events\/3614\/revisions\/4874"}],"wp:featuredmedia":[{"embeddable":true,"href":"https:\/\/www.blindenzentrum.bz.it\/it\/wp-json\/wp\/v2\/media\/4875"}],"wp:attachment":[{"href":"https:\/\/www.blindenzentrum.bz.it\/it\/wp-json\/wp\/v2\/media?parent=3614"}],"wp:term":[{"taxonomy":"post_tag","embeddable":true,"href":"https:\/\/www.blindenzentrum.bz.it\/it\/wp-json\/wp\/v2\/tags?post=3614"},{"taxonomy":"mec_category","embeddable":true,"href":"https:\/\/www.blindenzentrum.bz.it\/it\/wp-json\/wp\/v2\/mec_category?post=3614"}],"curies":[{"name":"wp","href":"https:\/\/api.w.org\/{rel}","templated":true}]}}

Incontro mensile Martedì, 19.05.2026 &#8211; gita con partenza alle ore 13:50 dal Centro Ciechi

<p>Il Blindenapostolat Südtirol vi invita con piacere al prossimo e ultimo incontro mensile per questa stagione che avrà luogo <strong>Martedì, 19 Maggio 2026</strong>.</p>
<p>Tale incontro sarà dedicato ad una <strong>gita con visita del Museo dell&#8217;apicoltura Maso Plattner a Costalovara/Renon</strong>. Con suoi 600 anni di storia, il Maso Plattner è uno dei più antichi del Renon e ospita un appassionante museo dedicato alla vita dei contadini di un tempo. Nel fienile dell’edificio, viene svelata ogni sorta di curiosità sulle api e sulla smielatura.</p>
<p><strong>La partenza è prevista per le ore 13:50 dal Centro Ciechi St. Raphael</strong>. Alle ore 15:00 avremo una visita guidata in lingua italiana del museo della durata di un’oretta, dopodiché potremo passare ancora del tempo al Lago di Costalovara. Si prevede che torneremo a Bolzano verso le ore 18.00.</p>
<p>Il costo della visita al Museo è di Euro 6,00 per i partecipanti con minorazione visiva, per le guide l’ingresso è gratuito. Le spese di trasporto saranno calcolate in base al numero dei partecipanti e incassate in loco insieme al prezzo del biglietto d&#8217;ingresso.</p>
<p><strong>Termine di iscrizione mercoledì 13.05.2026</strong> all’indirizzo email</p>
<p><a href="mailto:apostolat@blindenzentrum.bz.it">apostolat@blindenzentrum.bz.it</a></p>
<p>o tel. 0471 442 389</p>
<p>In attesa delle vostre adesioni salutiamo cordialmente.</p>

<p>Il Blindenapostolat Südtirol vi invita con piacere al prossimo e ultimo incontro mensile per questa stagione che avrà luogo Martedì, 19 Maggio 2026. Tale incontro sarà dedicato ad una gita con visita del Museo dell&#8217;apicoltura Maso Plattner a Costalovara/Renon. Con suoi 600 anni di storia, il Maso Plattner è uno dei più antichi del Renon [&hellip;]</p>
